 5897327
What are the prime factors of 435090400?
2, 5, 37, 14699
List the prime factors of 966931950.
2, 3, 5, 17, 379189
List the prime factors of 397034594.
2, 11, 18047027
List the prime factors of 33394922.
2, 11, 479, 3169
List the prime factors of 3033193882.
2, 613, 2474057
What are the prime factors of 1177510544?
2, 7, 10513487
What are the prime factors of 58385444?
2, 13, 86369
What are the prime factors of 56209881?
3, 7, 13, 103, 1999
List the prime factors of 423646081.
18059, 23459
What are the prime factors of 15724412?
2, 11, 43, 8311
List the prime factors of 4981174783.
13, 61, 73, 6619
List the prime factors of 1618293615.
3, 5, 4567, 23623
List the prime factors of 63214530.
2, 3, 5, 47, 107, 419
What are the prime factors of 382360153?
7, 54622879
What are the prime factors of 1854978254?
2, 461, 2011907
List the prime factors of 106870616.
2, 13358827
What are the prime factors of 74544147?
3, 8282683
List the prime factors of 57360420.
2, 3, 5, 13, 8171
List the prime factors of 1587226322.
2, 11, 787, 91673
What are the prime factors of 644676895?
5, 53, 2432743
List the prime factors of 3784027348.
2, 17, 43, 227, 5701
What are the prime factors of 1425400829?
103, 13838843
What are the prime factors of 1074025201?
17, 547, 115499
List the prime factors of 301337569.
13, 3581, 6473
List the prime factors of 1523816086.
2, 13, 41, 313, 4567
List the prime factors of 32186715.
3, 5, 11, 195071
What are the prime factors of 101130452?
2, 4441, 5693
What are the prime factors of 43063046?
2, 13, 367, 4513
What are the prime factors of 552219809?
6547, 84347
List the prime factors of 1191937425.
3, 5, 7, 37, 43, 1427
List the prime factors of 56129456.
2, 1637, 2143
What are the prime factors of 3030546301?
353, 479, 17923
What are the prime factors of 2121826267?
11, 29, 71, 93683
What are the prime factors of 16799402?
2, 8399701
List the prime factors of 442130596.
2, 109, 1014061
List the prime factors of 592044.
2, 3, 103, 479
What are the prime factors of 137236725?
3, 5, 359, 1699
What are the prime factors of 36689672?
2, 17, 349, 773
List the prime factors of 33008837.
283, 116639
List the prime factors of 284710366.
2, 73, 1950071
What are the prime factors of 159918067?
12589, 12703
What are the prime factors of 686760893?
7, 13, 7546823
What are the prime factors of 51719249?
23, 2248663
What are the prime factors of 41313074?
2, 11, 431, 4357
List the prime factors of 2248752113.
23, 137, 713663
What are the prime factors of 53359834?
2, 11, 2425447
List the prime factors of 247752951.
3, 17, 19, 255679
What are the prime factors of 82873900?
2, 5, 43, 19273
What are the prime factors of 95288347?
7, 11, 112501
What are the prime factors of 238679805?
3, 5, 7, 13, 19, 9203
List the prime factors of 551403505.
5, 89, 1239109
List the prime factors of 14653352.
2, 7, 29, 1289
What are the prime factors of 9792968?
2, 1224121
What are the prime factors of 10197407?
11, 43, 21559
List the prime factors of 96399035.
5, 349, 55243
What are the prime factors of 179336105?
5, 13, 59, 101, 463
List the prime factors of 13153719.
3, 19, 230767
List the prime factors of 353616146.
2, 13, 59, 61, 3779
List the prime factors of 65800942.
2, 29, 199, 5701
What are the prime factors of 6946138434?
2, 3, 1157689739
List the prime factors of 117081851.
103, 1136717
What are the prime factors of 168045079?
31, 373, 14533
List the prime factors of 112234494.
2, 3, 18705749
What are the prime factors of 5289049?
19, 29, 331
What are the prime factors of 540502118?
2, 13, 317, 65579
List the prime factors of 3253325012.
2, 7, 16598597
List the prime factors of 5222194.
2, 83, 163, 193
What are the prime factors of 33083652?
2, 3, 7, 393853
What are the prime factors of 57783336?
2, 3, 13, 167, 1109
What are the prime factors of 156400270?
2, 5, 13, 31, 197
List the prime factors of 2426295224.
2, 1319, 229937
List the prime factors of 339462460.
2, 5, 17, 998419
What are the prime factors of 214082000?
2, 5, 11, 37, 263
What are the prime factors of 1071124416?
2, 3, 503, 3697
List the prime factors of 1588259787.
3, 967, 547487
List the prime factors of 759258800.
2, 5, 181, 10487
What are the prime factors of 43025605?
5, 7, 41, 29983
What are the prime factors of 384133185?
3, 5, 467, 677
List the prime factors of 151446447.
3, 16827383
List the prime factors of 98973422.
2, 17, 347, 8389
List the prime factors of 1046009541.
3, 17, 907, 22613
What are the prime factors of 79370244?
2, 3, 83, 101, 263
List the prime factors of 2349041691.
3, 17, 2819, 16339
What are the prime factors of 21667694?
2, 10833847
What are the prime factors of 68950764?
2, 3, 70937
What are the prime factors of 23511299?
7, 31, 108347
What are the prime factors of 24946852?
2, 7, 59, 15101
List the prime factors of 138699509.
13, 3203, 3331
What are the prime factors of 502815001?
13, 17, 709, 3209
What are the prime factors of 232154028?
2, 3, 1913, 3371
What are the prime factors of 71752879?
11, 31, 37, 47
List the prime factors of 263011571.
263011571
What are the prime factors of 110035620?
2, 3, 5, 509, 1201
List the prime factors of 4958559796.
2, 17, 53, 929, 1481
List the prime factors of 351745628.
2, 13, 6764339
What are the prime factors of 932807571?
3, 310935857
What are the prime factors of 11330023?
19, 596317
List the prime factors of 53963160.
2, 3, 5, 449693
List the prime factors of 17144676.
2, 3, 158747
List the prime factors of 513944085.
3, 5, 17, 23, 87629
List the prime factors of 73088462.
2, 36544231
What are the prime factors of 175637700?
2, 3, 5, 7, 9293
List the prime factors of 217238376.
2, 3, 17, 532447
What are the prime factors of 675565343?
223, 229, 13229
List the prime factors of 2577836146.
2, 269, 4791517
What are the prime factors of 5924634?
2, 3, 691, 1429
List the prime factors of 42544992.
2, 3, 7, 63311
What are the prime factors of 241470506?
2, 19, 6354487
What are the prime factors of 466085874?
2, 3, 73, 173, 6151
What are the prime factors of 237357440?
2, 5, 370871
List the prime factors of 214975122.
2, 3, 223, 160669
What are the prime factors of 925520782?
2, 23, 293, 68669
What are the prime factors of 76635058?
2, 38317529
List the prime factors of 5830852515.
3, 5, 41, 9481061
What are the prime factors of 18620652?
2, 3, 389, 3989
What are the prime factors of 100687937?
7, 14383991
What are the prime factors of 1381579841?
71, 89, 131, 1669
What are the prime factors of 37942187?
71, 173, 3089
What are the prime factors of 50499218?
2, 7, 11, 327917
List the prime factors of 1529495096.
2, 389, 491483
List the prime factors of 5970836.
2, 1492709
What are the prime factors of 151419175?
5, 6056767
List the prime factors of 40442041.
107, 377963
List the prime factors of 126234364.
2, 1997, 15803
What are the prime factors of 2905638761?
3631, 800231
List the prime factors of 64960154.
2, 7, 41, 113171
What are the prime factors of 531016848?
2, 3, 811, 4547
What are the prime factors of 740107997?
740107997
What are the prime factors of 43492059?
3, 13, 103, 401
List the prime factors of 149871719.
37, 4050587
What are the prime factors of 3096105604?
2, 4259, 181739
What are the prime factors of 8304958484?
2, 251, 8271871
List the prime factors of 1839950291.
19, 96839489
List the prime factors of 21530393.
21530393
List the prime factors of 137434044.
2, 3, 11, 1041167
What are the prime factors of 370682894?
2, 19, 9754813
What are the prime factors of 605705945?
5, 13, 9318553
What are the prime factors of 398787742?
2, 487, 409433
What are the prime factors of 287753592?
2, 3, 7, 43, 61, 653
List the prime factors of 71714392.
2, 8964299
What are the prime factors of 92213120?
2, 5, 149, 967
What are the prime factors of 718700568?
2, 3, 17, 727, 2423
What are the prime factors of 19029219?
3, 11, 47, 12269
What are the prime factors of 89270097?
3, 7, 4250957
What are the prime factors of 4889031104?
2, 3697, 20663
List the prime factors of 96597234.
2, 3, 5366513
List the prime factors of 4544726678.
2, 389, 2239, 2609
What are the prime factors of 1231535071?
13, 94733467
What are the prime factors of 131473009?
137, 929, 1033
List the prime factors of 573159077.
573159077
L